{"id":12,"date":"2014-02-24T11:05:26","date_gmt":"2014-02-24T10:05:26","guid":{"rendered":"http:\/\/sahani.es\/?page_id=12"},"modified":"2014-02-24T11:14:40","modified_gmt":"2014-02-24T10:14:40","slug":"quien-soy","status":"publish","type":"page","link":"https:\/\/sahani.es\/?page_id=12","title":{"rendered":"Qui\u00e9n soy"},"content":{"rendered":"<header>\n<h1>Qui\u00e9n\u00a0soy<\/h1>\n<\/header>\n<div>\n<p><b>Biograf\u00eda personal:<\/b><\/p>\n<p>Despu\u00e9s de una larga trayectoria profesional en un sector totalmente diferente, mi inter\u00e9s por las terapias alternativas comenz\u00f3 hace 8 a\u00f1os con el nacimiento de mi primera hija, la cual naci\u00f3 con un problema al que no se le encontraba causa alguna. La b\u00fasqueda de una terapia\u00a0 alternativa y\/o complementaria\u00a0 a la medicina tradicional me llev\u00f3 hasta\u00a0 \u00a0la consulta de un terapeuta Craneosacral.<\/p>\n<p>Los evidentes resultados positivos en ella despertaron en m\u00ed una fascinaci\u00f3n en estas terapias.\u00a0 Unido esto a que atravesaba en esos momentos una etapa personal de desconcierto y una\u00a0 necesidad imperiosa\u00a0 de cambio, el destino me llev\u00f3 al encuentro con el \u00a0Reiki. Una terapia milenaria japonesa para la canalizaci\u00f3n de la\u00a0<b><i>ENERG\u00cdA<\/i><\/b>\u00a0y considerando que el ser humano es \u201ctodo energ\u00eda\u201d es muy reclamada para los desequilibrios energ\u00e9ticos, causados por motivos emocionales o f\u00edsicos.<\/p>\n<p>Decid\u00ed por tanto iniciar mi formaci\u00f3n en Reiki y fue el bienestar y la armon\u00eda con las que comenzaba a percibir un cambio saludable en mi vida lo que me impuls\u00f3 a continuar mi formaci\u00f3n con el 2\u00ba nivel, el 3\u00ba y finalmente Maestr\u00eda en Reiki.\u00a0 A lo largo de esta formaci\u00f3n me hice consciente de la repercusi\u00f3n de las\u00a0 emociones sobre la salud y ello \u00a0me llev\u00f3 a realizar un curso en interpretaci\u00f3n y an\u00e1lisis de las<b><i>EMOCIONES<\/i><\/b>\u00a0en el cual aprend\u00ed a observarlas y aceptarlas para finalmente integrarlas. 3 principios fundamentales para alcanzar una vida en armon\u00eda.<\/p>\n<p>Durante ese tiempo me iba dando cuenta de que hab\u00eda algo m\u00e1s. Sent\u00eda\u00a0 como si faltara alguna pieza al puzle y que el ser humano es algo m\u00e1s que un simple individuo. Es un SER GLOBAL, y como tal el trabajo debe hacerse sin olvidar \u00a0la relaci\u00f3n tan estrecha que existe entre MENTE \u2013 CUERPO \u2013 ESP\u00cdRITU, as\u00ed que ya conociendo el \u00e1mbito de la energ\u00eda y de las emociones a trav\u00e9s del Reiki decid\u00ed formarme en terapia Craneosacral para indagar sobre la reacci\u00f3n de nuestro cuerpo ante esas emociones y \u00a0c\u00f3mo repercuten en nuestro cuerpo<b><i>F\u00cdSICO\u00a0<\/i><\/b>los bloqueos energ\u00e9ticos. La terapia Craneosacral \u00a0es una t\u00e9cnica manual y sutil que ayuda a detectar y corregir esos desequilibrios del sistema craneosacral sobre el cuerpo f\u00edsico y equilibrar el fluir \u00a0del sistema nervioso. La funci\u00f3n vital del sistema craneosacro\u00a0 es mantener el medio en el que funciona el Sistema Nervioso Central. Con esto ya empezaba a tener \u00a0una base s\u00f3lida de conexi\u00f3n entre lo emocional y lo f\u00edsico.<\/p>\n<p>En la pr\u00e1ctica de estas terapias he encontrado frecuentemente bloqueos emocionales que desencadenan en malestar, dolencias e incluso enfermedades.\u00a0 La importancia de liberar esos quistes energ\u00e9ticos me impuls\u00f3 a continuar mi formaci\u00f3n realizando los cursos de Liberaci\u00f3n Somatoemocional. De esta manera iban apareciendo las piezas que me faltaban de ese puzle. Ya pod\u00eda relacionar y tratar de manera hol\u00edstica el plano energ\u00e9tico, el emocional y el f\u00edsico.<\/p>\n<p>Y me dije\u2026 \u00bfy el \u00e1rea espiritual?, \u00a0\u00bfy la mente? La mente, parte del \u201cHolos\u201d del cuerpo humano\u00a0 tristemente\u00a0 olvidada que por su \u00a0poder infinito sobre nosotros, dejaba claro que deb\u00eda indagar sobre ello.<\/p>\n<p>Sent\u00eda la necesidad de entender al ser humano desde un punto de vista integral, es decir, tratando el conjunto de la persona como un Ser Global, un TODO.<\/p>\n<p>As\u00ed que continu\u00e9 mi formaci\u00f3n en Terapia Transpersonal la cual recoge un gran n\u00famero de t\u00e9cnicas que permiten tomar conciencia de nuestros bloqueos emocionales ocultos en el subconsciente, la aplicaci\u00f3n de la atenci\u00f3n plena\u00a0 en nuestro d\u00eda a d\u00eda y el fortalecimiento de la autoestima entre otros. La Terapia Transpersonal contempla al ser humano como una Totalidad inseparable, y por ello trabaja sobre el \u00e1rea\u00a0<b><i>ESPIRITUAL<\/i><\/b>\u00a0y la<b><i>MENTE<\/i><\/b>.<\/p>\n<p>Esta terapia proporciona conocimientos de psicolog\u00eda humanista, psicolog\u00eda tradicional y filosof\u00eda de Oriente, y sobretodo trabaja sobre la consciencia del aqu\u00ed y ahora. Tiene como\u00a0 pilares la\u00a0 meditaci\u00f3n como sustento de la misma y la conexi\u00f3n con nuestro SER ESENCIAL.\u00a0 Ayuda al individuo a centrarse en s\u00ed mismo.<\/p>\n<p>De esta manera obtuve \u00a0la informaci\u00f3n necesaria para tratar a los pacientes considerando la comunicaci\u00f3n que existe entre las diferentes partes que componen\u00a0 el SER. Ni se puede obviar ning\u00fan campo pues todo est\u00e1 en conexi\u00f3n, por eso lo llamamos\u00a0 integral, ni \u00a0se puede desvincular una dolencia f\u00edsica de un bloqueo energ\u00e9tico o un desequilibrio emocional.<\/p>\n<p>Encajaban\u00a0 las piezas del puzle\u00a0\u00a0 integrando la terapia emocional al tiempo que trataba la energ\u00e9tica y el cuerpo f\u00edsico, sin olvidarme de la espiritual y la mental. Aquello fue todo un descubrimiento para m\u00ed\u00a0 pues\u00a0 los resultados tan positivos se evidenciaban por s\u00ed solos.<\/p>\n<p>Continu\u00e9 mi formaci\u00f3n en Bases Psicol\u00f3gicas, Desarrollo de la Autoestima e Inteligencia Emocional, PNL y Digitopuntura permiti\u00e9ndome de este modo una formaci\u00f3n m\u00e1s completa recopilando informaci\u00f3n sobre los aspectos tanto externos como internos que afectan al ser humano.<\/p>\n<p>Seguir ampliando mis conocimientos no tiene para m\u00ed un sentido tan especial e importante de no ser porque me\u00a0 ofrece la oportunidad de compartirlo\u00a0 con vosotros. \u00a0Aportando mi granito de arena al mundo \u00a0brindo la oportunidad de respirar un aire un poquito m\u00e1s puro y saludable\u00a0 a nuestro entorno. El poder acompa\u00f1ar a las personas en su\u00a0 proceso de desarrollo me llena de satisfacci\u00f3n, pues todos aquellos problemas que me causaban inseguridad, frustraci\u00f3n y descontento son los sentimientos en los que coincidimos la mayor\u00eda de los seres humanos.<\/p>\n<p>Casi todos atravesamos momentos dif\u00edciles\u2026 tan s\u00f3lo hay que aprender a\u00a0 interpretarlos de forma positiva. \u00bfTE ACOMPA\u00d1O?<\/p>\n<\/div>\n","protected":false},"excerpt":{"rendered":"<p>Qui\u00e9n\u00a0soy Biograf\u00eda personal: Despu\u00e9s de una larga trayectoria profesional en un sector totalmente diferente, mi inter\u00e9s por las terapias alternativas comenz\u00f3 hace 8 a\u00f1os con el nacimiento de mi primera hija, la cual naci\u00f3 con un problema al que no se le encontraba causa alguna. La b\u00fasqueda de una terapia\u00a0 alternativa y\/o complementaria\u00a0 a la [&hellip;]<\/p>\n","protected":false},"author":1,"featured_media":0,"parent":0,"menu_order":1,"comment_status":"open","ping_status":"open","template":"","meta":{"footnotes":""},"class_list":["post-12","page","type-page","status-publish","hentry"],"_links":{"self":[{"href":"https:\/\/sahani.es\/index.php?rest_route=\/wp\/v2\/pages\/12","targetHints":{"allow":["GET"]}}],"collection":[{"href":"https:\/\/sahani.es\/index.php?rest_route=\/wp\/v2\/pages"}],"about":[{"href":"https:\/\/sahani.es\/index.php?rest_route=\/wp\/v2\/types\/page"}],"author":[{"embeddable":true,"href":"https:\/\/sahani.es\/index.php?rest_route=\/wp\/v2\/users\/1"}],"replies":[{"embeddable":true,"href":"https:\/\/sahani.es\/index.php?rest_route=%2Fwp%2Fv2%2Fcomments&post=12"}],"version-history":[{"count":2,"href":"https:\/\/sahani.es\/index.php?rest_route=\/wp\/v2\/pages\/12\/revisions"}],"predecessor-version":[{"id":17,"href":"https:\/\/sahani.es\/index.php?rest_route=\/wp\/v2\/pages\/12\/revisions\/17"}],"wp:attachment":[{"href":"https:\/\/sahani.es\/index.php?rest_route=%2Fwp%2Fv2%2Fmedia&parent=12"}],"curies":[{"name":"wp","href":"https:\/\/api.w.org\/{rel}","templated":true}]}}