{"id":14,"date":"2014-02-24T11:12:18","date_gmt":"2014-02-24T10:12:18","guid":{"rendered":"http:\/\/sahani.es\/?page_id=14"},"modified":"2014-02-24T11:12:18","modified_gmt":"2014-02-24T10:12:18","slug":"proposito","status":"publish","type":"page","link":"https:\/\/sahani.es\/?page_id=14","title":{"rendered":"Prop\u00f3sito"},"content":{"rendered":"<p><em><\/em><\/p>\n<p>La intenci\u00f3n de este blog no es otro m\u00e1s que invitar al lector a<strong><em>concederse a s\u00ed mismo 1 minuto \u2026 para escucharse.\u00a0\u00a0<\/em><\/strong>Detenerse unos instantes\u00a0para tratar de comprender qu\u00e9 subyace tras nuestras emociones nos ayudar\u00edan sin lugar a dudas a un estilo de vida m\u00e1s estable y sosegado.<\/p>\n<p><b><i>La EMOCI\u00d3N\u00a0<\/i><\/b>es un estado an\u00edmico que se caracteriza por una gran actividad org\u00e1nica, producto de sentimientos, ideas o recuerdos, y que puede traducirse en gestos, actitudes, risa, llanto, etc.\u00a0 Podr\u00eda decirse que se conciben como un comportamiento cuyo origen procede de causas internas y externas.<\/p>\n<p>La intensidad emocional var\u00eda de un individuo a otro. Cuanto \u00a0m\u00e1s intensa sea la emoci\u00f3n, m\u00e1s influenciada se ver\u00e1 su conducta.<\/p>\n<p>En 1880,\u00a0<b><i>William James<\/i><\/b>\u00a0formul\u00f3 la primera teor\u00eda moderna de la emoci\u00f3n. Pr\u00e1cticamente al mismo tiempo un psic\u00f3logo dan\u00e9s,\u00a0<b><i>Carl Lange<\/i><\/b>, lleg\u00f3 a las mismas conclusiones diciendo que\u00a0<b><i>los est\u00edmulos provocan cambios fisiol\u00f3gicos en nuestro cuerpo y las emociones son resultados de ellos.<\/i><\/b><\/p>\n<p>Las emociones suelen ir siempre acompa\u00f1adas de reacciones som\u00e1ticas, entre las que podemos mencionar las alteraciones en la circulaci\u00f3n, cambios respiratorios o secreciones glandulares. El encargado de regular estos aspectos fisiol\u00f3gicos de las emociones es el Sistema Nervioso.<\/p>\n<p>Se puede se\u00f1alar que las emociones son fuerzas poderosas que prevalecen sobre la raz\u00f3n y son due\u00f1as de nuestros comportamientos. Pueden depositarse en el subconsciente y permanecer en letargo hasta que en un momento concreto de la vida, desencadenado por alguna vivencia o experiencia, traum\u00e1tica o no, despiertan con todo su poder en forma de rabia, depresi\u00f3n, frustraci\u00f3n\u2026<\/p>\n<p>A la mayor\u00eda de las personas en la sociedad occidental no se nos ense\u00f1a a abordar de forma efectiva las llamadas emociones negativas y por ello no sabemos gestionarlas cuando aparecen.\u00a0 La ira, por ejemplo que va de la mano\u00a0de la frustraci\u00f3n, resulta dif\u00edcil de controlar y a menudo suele expresarse con toda su crueldad haciendo da\u00f1o a los dem\u00e1s de forma\u00a0 bien verbal como\u00a0f\u00edsica.<\/p>\n<p>No le concedemos la importancia necesaria a ese da\u00f1o verbal que las palabras pueden causar. Seg\u00fan\u00a0<b><i>Brad Hunter<\/i><\/b>\u00a0en\u00a0<b><i>\u201cEl Poder Curativo de la palabra\u201d\u00a0<\/i><\/b>dice que la palabra, junto con el poder de la vibraci\u00f3n es capaz de crear, sanar y tambi\u00e9n\u00a0<em><strong>destruir<\/strong><\/em>. Cuando focalizamos nuestra mente en algo y le a\u00f1adimos el sentimiento, la emoci\u00f3n crea una energ\u00eda capaz de dinamitar no s\u00f3lo a quien va dirigida esa palaba sino a nosotros mismos tambi\u00e9n. Deber\u00edamos cuidar m\u00e1s lo que decimos.<\/p>\n<p>El autocontrol es un ejercicio no aprendido que aporta equilibrio en todos los aspectos de la vida.<\/p>\n<p>La gran mayor\u00eda de las personas siente verg\u00fcenza por sus emociones negativas, las considera como debilidades y por ello tratan de rechazarlas, ocultarlas y reprimirlas, que es lo que nos han ense\u00f1ado.\u00a0 Craso error. El hecho de negarlas no evidencia su inexistencia y se acumulan incrust\u00e1ndose en nuestros \u00f3rganos internos, m\u00fasculos e incluso en\u00a0nuestra psique.<\/p>\n<p>Tanto la salud como la enfermedad son conceptos que se refieren a un estado de salud y no a \u00f3rganos o partes del cuerpo.<\/p>\n<p>Hablando ya de paso de enfermedades\u2026 \u00a0sepamos antes como definir la salud.<\/p>\n<p><b><i>SALUD:\u00a0<\/i><\/b>Es la capacidad de un organismo para responder adecuadamente a una amplia gama de desaf\u00edos que nos permite garantizar el mantenimiento del equilibrio y de la integridad.<\/p>\n<p>Conociendo un poco los or\u00edgenes o las causas de nuestras emociones, aprendemos a escucharnos y lo que es m\u00e1s importante\u2026 a\u00a0<em><strong>respetarnos<\/strong><\/em>.<\/p>\n","protected":false},"excerpt":{"rendered":"<p>La intenci\u00f3n de este blog no es otro m\u00e1s que invitar al lector aconcederse a s\u00ed mismo 1 minuto \u2026 para escucharse.\u00a0\u00a0Detenerse unos instantes\u00a0para tratar de comprender qu\u00e9 subyace tras nuestras emociones nos ayudar\u00edan sin lugar a dudas a un estilo de vida m\u00e1s estable y sosegado. La EMOCI\u00d3N\u00a0es un estado an\u00edmico que se caracteriza [&hellip;]<\/p>\n","protected":false},"author":1,"featured_media":0,"parent":0,"menu_order":2,"comment_status":"open","ping_status":"open","template":"","meta":{"footnotes":""},"class_list":["post-14","page","type-page","status-publish","hentry"],"_links":{"self":[{"href":"https:\/\/sahani.es\/index.php?rest_route=\/wp\/v2\/pages\/14","targetHints":{"allow":["GET"]}}],"collection":[{"href":"https:\/\/sahani.es\/index.php?rest_route=\/wp\/v2\/pages"}],"about":[{"href":"https:\/\/sahani.es\/index.php?rest_route=\/wp\/v2\/types\/page"}],"author":[{"embeddable":true,"href":"https:\/\/sahani.es\/index.php?rest_route=\/wp\/v2\/users\/1"}],"replies":[{"embeddable":true,"href":"https:\/\/sahani.es\/index.php?rest_route=%2Fwp%2Fv2%2Fcomments&post=14"}],"version-history":[{"count":2,"href":"https:\/\/sahani.es\/index.php?rest_route=\/wp\/v2\/pages\/14\/revisions"}],"predecessor-version":[{"id":16,"href":"https:\/\/sahani.es\/index.php?rest_route=\/wp\/v2\/pages\/14\/revisions\/16"}],"wp:attachment":[{"href":"https:\/\/sahani.es\/index.php?rest_route=%2Fwp%2Fv2%2Fmedia&parent=14"}],"curies":[{"name":"wp","href":"https:\/\/api.w.org\/{rel}","templated":true}]}}

Propósito

<p><em></em></p>
<p>La intención de este blog no es otro más que invitar al lector a<strong><em>concederse a sí mismo 1 minuto … para escucharse.  </em></strong>Detenerse unos instantes para tratar de comprender qué subyace tras nuestras emociones nos ayudarían sin lugar a dudas a un estilo de vida más estable y sosegado.</p>
<p><b><i>La EMOCIÓN </i></b>es un estado anímico que se caracteriza por una gran actividad orgánica, producto de sentimientos, ideas o recuerdos, y que puede traducirse en gestos, actitudes, risa, llanto, etc.  Podría decirse que se conciben como un comportamiento cuyo origen procede de causas internas y externas.</p>
<p>La intensidad emocional varía de un individuo a otro. Cuanto  más intensa sea la emoción, más influenciada se verá su conducta.</p>
<p>En 1880, <b><i>William James</i></b> formuló la primera teoría moderna de la emoción. Prácticamente al mismo tiempo un psicólogo danés, <b><i>Carl Lange</i></b>, llegó a las mismas conclusiones diciendo que <b><i>los estímulos provocan cambios fisiológicos en nuestro cuerpo y las emociones son resultados de ellos.</i></b></p>
<p>Las emociones suelen ir siempre acompañadas de reacciones somáticas, entre las que podemos mencionar las alteraciones en la circulación, cambios respiratorios o secreciones glandulares. El encargado de regular estos aspectos fisiológicos de las emociones es el Sistema Nervioso.</p>
<p>Se puede señalar que las emociones son fuerzas poderosas que prevalecen sobre la razón y son dueñas de nuestros comportamientos. Pueden depositarse en el subconsciente y permanecer en letargo hasta que en un momento concreto de la vida, desencadenado por alguna vivencia o experiencia, traumática o no, despiertan con todo su poder en forma de rabia, depresión, frustración…</p>
<p>A la mayoría de las personas en la sociedad occidental no se nos enseña a abordar de forma efectiva las llamadas emociones negativas y por ello no sabemos gestionarlas cuando aparecen.  La ira, por ejemplo que va de la mano de la frustración, resulta difícil de controlar y a menudo suele expresarse con toda su crueldad haciendo daño a los demás de forma  bien verbal como física.</p>
<p>No le concedemos la importancia necesaria a ese daño verbal que las palabras pueden causar. Según <b><i>Brad Hunter</i></b> en <b><i>“El Poder Curativo de la palabra” </i></b>dice que la palabra, junto con el poder de la vibración es capaz de crear, sanar y también <em><strong>destruir</strong></em>. Cuando focalizamos nuestra mente en algo y le añadimos el sentimiento, la emoción crea una energía capaz de dinamitar no sólo a quien va dirigida esa palaba sino a nosotros mismos también. Deberíamos cuidar más lo que decimos.</p>
<p>El autocontrol es un ejercicio no aprendido que aporta equilibrio en todos los aspectos de la vida.</p>
<p>La gran mayoría de las personas siente vergüenza por sus emociones negativas, las considera como debilidades y por ello tratan de rechazarlas, ocultarlas y reprimirlas, que es lo que nos han enseñado.  Craso error. El hecho de negarlas no evidencia su inexistencia y se acumulan incrustándose en nuestros órganos internos, músculos e incluso en nuestra psique.</p>
<p>Tanto la salud como la enfermedad son conceptos que se refieren a un estado de salud y no a órganos o partes del cuerpo.</p>
<p>Hablando ya de paso de enfermedades…  sepamos antes como definir la salud.</p>
<p><b><i>SALUD: </i></b>Es la capacidad de un organismo para responder adecuadamente a una amplia gama de desafíos que nos permite garantizar el mantenimiento del equilibrio y de la integridad.</p>
<p>Conociendo un poco los orígenes o las causas de nuestras emociones, aprendemos a escucharnos y lo que es más importante… a <em><strong>respetarnos</strong></em>.</p>

<p>La intención de este blog no es otro más que invitar al lector aconcederse a sí mismo 1 minuto … para escucharse.  Detenerse unos instantes para tratar de comprender qué subyace tras nuestras emociones nos ayudarían sin lugar a dudas a un estilo de vida más estable y sosegado. La EMOCIÓN es un estado anímico que se caracteriza [&hellip;]</p>
