{"id":18,"date":"2014-02-24T11:17:22","date_gmt":"2014-02-24T10:17:22","guid":{"rendered":"http:\/\/sahani.es\/?page_id=18"},"modified":"2014-02-24T12:33:14","modified_gmt":"2014-02-24T11:33:14","slug":"terapia-transpersonal","status":"publish","type":"page","link":"https:\/\/sahani.es\/?page_id=18","title":{"rendered":"Terapia Transpersonal"},"content":{"rendered":"<header>\n<h1>Terapia\u00a0Transpersonal<\/h1>\n<\/header>\n<div>\n<p>En psicolog\u00eda transpersonal, el t\u00e9rmino\u00a0 \u201cterapeuta\u201d quiere decir acompa\u00f1ante, y el t\u00e9rmino transpersonal significa lo que est\u00e1 m\u00e1s all\u00e1 de la persona. Por lo tanto el terapeuta transpersonal acompa\u00f1a a la persona en su proceso de crecimiento interior\u00a0 y expansi\u00f3n de la conciencia. La Terapia Transpersonal es aquella que nos pone en contacto con nuestro SER esencial.<\/p>\n<p>El crecimiento y la maduraci\u00f3n de un ser humano comienzan por el reconocimiento de aquello que no nos gusta de nosotros mismos y su posterior aceptaci\u00f3n e integraci\u00f3n.<\/p>\n<p>La terapia Transpersonal ayuda a la persona a trav\u00e9s de la pr\u00e1ctica de la atenci\u00f3n plena\u00a0 en\u00a0 el d\u00eda a d\u00eda y el fortalecimiento de la\u00a0 autoestima a centrarse en s\u00ed mismo,\u00a0 a coger las riendas de su vida \u00a0sin culpabilizar al entorno de lo que le sucede tomando conciencia de los bloqueos emocionales ocultos en el subconsciente comprendiendo y aceptando los problemas como oportunidades de cambio y desarrollo personal. Una vez restablecido un cierto nivel de equilibrio emocional se puede trabajar:<\/p>\n<p>1- \u00a0El Ego: La persona aprende a observar los matices de su conflicto \u00a0tomando\u00a0 conciencia de sus patrones mentales y emocionales que le causan inquietud y\u00a0 sufrimiento. Alcanzado esto la persona valora sus situaciones de crisis como oportunidades para la transformaci\u00f3n y el crecimiento.<\/p>\n<p>2-\u00a0 Reprogramaci\u00f3n y relativizaci\u00f3n del Ego: En este nivel, la persona da forma a \u00a0nuevos patrones de pensamientos m\u00e1s saludables y de acuerdo con lo que siente como sus verdaderas necesidades. Decide lo que quiere vivir\u00a0 tomando conciencia de\u00a0 que los hechos en s\u00ed son neutros, es decir, las circunstancias no son positivas, ni negativas sino\u00a0 que es su mente quien se encarga de interpretarlos, y que al cambiar la interpretaci\u00f3n de\u00a0 los acontecimientos tambi\u00e9n cambia su vida futura.<\/p>\n<p>3-\u00a0 Hacia la esencia: En esta etapa la persona permite ya la conexi\u00f3n entre su mente pensante o ego y su realidad esencial o nivel transpersonal. Conseguido esto alcanza su ser espiritual que ser\u00e1 la llave para reconocer su prop\u00f3sito en la vida\u00a0 aceptando las experiencias positivas y negativas como parte del proceso de\u00a0 aprendizaje y que concluye con el\u00a0 despertar de la Consciencia.<\/p>\n<p>La Terapia Transpersonal contempla al ser humano como una Totalidad inseparable, y por ello trabaja sobre cinco niveles de conciencia: f\u00edsico, mental, emocional, energ\u00e9tico y espiritual.<\/p>\n<p align=\"center\"><b><i>\u201cEn realidad pensamos que resolviendo los problemas alcanzaremos la paz, cuando en realidad es abrazando la paz cuando los problemas se disuelven\u201d.<\/i><\/b><\/p>\n<\/div>\n","protected":false},"excerpt":{"rendered":"<p>Terapia\u00a0Transpersonal En psicolog\u00eda transpersonal, el t\u00e9rmino\u00a0 \u201cterapeuta\u201d quiere decir acompa\u00f1ante, y el t\u00e9rmino transpersonal significa lo que est\u00e1 m\u00e1s all\u00e1 de la persona. Por lo tanto el terapeuta transpersonal acompa\u00f1a a la persona en su proceso de crecimiento interior\u00a0 y expansi\u00f3n de la conciencia. La Terapia Transpersonal es aquella que nos pone en contacto con [&hellip;]<\/p>\n","protected":false},"author":1,"featured_media":0,"parent":29,"menu_order":1,"comment_status":"open","ping_status":"open","template":"","meta":{"footnotes":""},"class_list":["post-18","page","type-page","status-publish","hentry"],"_links":{"self":[{"href":"https:\/\/sahani.es\/index.php?rest_route=\/wp\/v2\/pages\/18","targetHints":{"allow":["GET"]}}],"collection":[{"href":"https:\/\/sahani.es\/index.php?rest_route=\/wp\/v2\/pages"}],"about":[{"href":"https:\/\/sahani.es\/index.php?rest_route=\/wp\/v2\/types\/page"}],"author":[{"embeddable":true,"href":"https:\/\/sahani.es\/index.php?rest_route=\/wp\/v2\/users\/1"}],"replies":[{"embeddable":true,"href":"https:\/\/sahani.es\/index.php?rest_route=%2Fwp%2Fv2%2Fcomments&post=18"}],"version-history":[{"count":3,"href":"https:\/\/sahani.es\/index.php?rest_route=\/wp\/v2\/pages\/18\/revisions"}],"predecessor-version":[{"id":79,"href":"https:\/\/sahani.es\/index.php?rest_route=\/wp\/v2\/pages\/18\/revisions\/79"}],"up":[{"embeddable":true,"href":"https:\/\/sahani.es\/index.php?rest_route=\/wp\/v2\/pages\/29"}],"wp:attachment":[{"href":"https:\/\/sahani.es\/index.php?rest_route=%2Fwp%2Fv2%2Fmedia&parent=18"}],"curies":[{"name":"wp","href":"https:\/\/api.w.org\/{rel}","templated":true}]}}