{"id":39,"date":"2014-02-24T11:46:44","date_gmt":"2014-02-24T10:46:44","guid":{"rendered":"http:\/\/sahani.es\/?page_id=39"},"modified":"2014-02-24T13:10:40","modified_gmt":"2014-02-24T12:10:40","slug":"reiki","status":"publish","type":"page","link":"https:\/\/sahani.es\/?page_id=39","title":{"rendered":"Reiki"},"content":{"rendered":"<p><b>\u00bfQU\u00c9 ES?<\/b><\/p>\n<p>La pr\u00e1ctica del REIKI lleva emple\u00e1ndose desde tiempos remotos, sin embargo sabemos m\u00e1s de su historia a partir del a\u00f1o 1870 en Kioto (Jap\u00f3n) de la mano de un monje cristiano japon\u00e9s de nombre Mikao Usui. Es una t\u00e9cnica de origen oriental que posteriormente lleg\u00f3 a Occidente donde desde el a\u00f1o 1995 REIKI ha sido reconocido por la Organizaci\u00f3n Mundial de la Salud (OMS) como una terapia complementaria de sanaci\u00f3n natural.<\/p>\n<p>Un resumen breve, conciso y claro es decir que REIKI es una palabra japonesa que significa energ\u00eda vital universal.<\/p>\n<p>REI significa universal y hace referencia a la parte espiritual, la esencia energ\u00e9tica.<br \/>\nKI es la energ\u00eda de la fuerza vital individual que rodea nuestros cuerpos, nos mantiene vivos. Si la energ\u00eda Ki saliera del cuerpo, \u00e9ste dejar\u00eda de tener vida.<br \/>\nEl Reiki es un m\u00e9todo seguro y no invasivo que posibilita el encuentro entre esas dos energ\u00edas, la universal con la nuestra propia. Esta energ\u00eda es inofensiva y no tiene efectos secundarios por lo que puede utilizarse en pacientes de cualquier edad desde beb\u00e9s hasta ancianos.<\/p>\n<p>TODO es ENERG\u00cdA. El universo es energ\u00eda y es precisamente esta energ\u00eda la que ha dado origen a lo que \u00e9ste contiene. All\u00e1 donde vayamos se habla de energ\u00eda vital, en yoga se le conoce como prana, en la medicina india Ayurveda, en el tao\u00edsmo (medicina tradicional china) recibe el nombre de Chi o Qi, Ki en jap\u00f3n\u2026 Estos son algunos ejemplos que nos muestran que sea cual fuere el nombre con el que se la conozca, la energ\u00eda es la misma, pues energ\u00eda s\u00f3lo hay una y \u00e9sta es la UNIVERSAL.<\/p>\n<p>En una persona sana, la circula libremente a trav\u00e9s de nuestro cuerpo f\u00edsico, fluyendo por \u201ccaminos\u201d: chakras, meridianos energ\u00e9ticos y nadis. El cuerpo se dice que enferma cuando esa circulaci\u00f3n de energ\u00eda mucho tiempo en desequilibrio. Los excesos f\u00edsicos, emocionales, mentales y espirituales, liberan energ\u00edas y esas liberaciones generan \u201cnudos energ\u00e9ticos\u201d que interrumpen o impiden el flujo normal de la energ\u00eda vital. La energ\u00eda no es ni mala ni buena, tan solo hay que redirigirla o activarla. El REIKI nos ayuda a restablecer ese equilibrio y tratar esos bloqueos que act\u00faan como barreras para nuestro flujo normal de energ\u00eda vital. Cambiando nuestro estilo de vida, nuestra forma de pensar y con una actitud positiva ante la vida liberamos tensiones alcanzando la relajaci\u00f3n tanto f\u00edsica como emocional.<\/p>\n<p>Act\u00faa tanto a nivel f\u00edsico como mental, emocional o espiritual favoreciendo la autocuraci\u00f3n. Proporciona el equilibrio necesario entre mente y cuerpo equilibrando los centros energ\u00e9ticos.<\/p>\n<p>El estr\u00e9s es algo inherente a la vida y que resulta dif\u00edcil de evitar sin embargo con una sesi\u00f3n de Reiki puede darle un respiro a la mente para su descanso merecido y concederle al cuerpo sosiego para alcanzar una relajaci\u00f3n profunda. De esta manera puedes encontrar la calma y la paz interior, aport\u00e1ndote energ\u00eda para continuar con tu d\u00eda a d\u00eda.<\/p>\n<p><b>\u00bfPARA QU\u00c9 SIRVE?<\/b><\/p>\n<p>Reduce el estr\u00e9s y la ansiedad<br \/>\nFavorece los estados f\u00edsico, mental, emocional y espiritual<br \/>\nEstimula el sistema inmunol\u00f3gico.<br \/>\nAyuda en trastornos alimentarios como la bulimia y la anorexia<br \/>\nRefuerza la habilidad natural del organismo para auto-sanarse<br \/>\nMejora el funcionamiento fisiol\u00f3gico de \u00f3rganos y c\u00e9lulas<br \/>\nEstimula la concentraci\u00f3n en los estudios y en el trabajo<br \/>\nAumenta la claridad mental, la imaginaci\u00f3n y la creatividad<br \/>\nRefuerza la confianza en uno mismo aumentando la autoestima<br \/>\nPotencia y armoniza la energ\u00eda vital<br \/>\nEquilibra los centros energ\u00e9ticos (chakras)<br \/>\nAlivia dolores de cabeza, menstruaci\u00f3n, catarros, estre\u00f1imiento\u2026<br \/>\nProporciona un estado de bienestar y relajaci\u00f3n profunda<br \/>\nAyuda en procesos de desintoxicaci\u00f3n adictiva (drogas, alcohol\u2026)<br \/>\nLibera los bloqueos energ\u00e9ticos y emociones reprimidas favoreciendo la recuperaci\u00f3n emocional<br \/>\nReduce el dolor f\u00edsico y acelera los procesos de cicatrizaci\u00f3n del cuerpo<br \/>\n\u2026<\/p>\n","protected":false},"excerpt":{"rendered":"<p>\u00bfQU\u00c9 ES? La pr\u00e1ctica del REIKI lleva emple\u00e1ndose desde tiempos remotos, sin embargo sabemos m\u00e1s de su historia a partir del a\u00f1o 1870 en Kioto (Jap\u00f3n) de la mano de un monje cristiano japon\u00e9s de nombre Mikao Usui. Es una t\u00e9cnica de origen oriental que posteriormente lleg\u00f3 a Occidente donde desde el a\u00f1o 1995 REIKI [&hellip;]<\/p>\n","protected":false},"author":1,"featured_media":0,"parent":71,"menu_order":1,"comment_status":"open","ping_status":"open","template":"","meta":{"footnotes":""},"class_list":["post-39","page","type-page","status-publish","hentry"],"_links":{"self":[{"href":"https:\/\/sahani.es\/index.php?rest_route=\/wp\/v2\/pages\/39","targetHints":{"allow":["GET"]}}],"collection":[{"href":"https:\/\/sahani.es\/index.php?rest_route=\/wp\/v2\/pages"}],"about":[{"href":"https:\/\/sahani.es\/index.php?rest_route=\/wp\/v2\/types\/page"}],"author":[{"embeddable":true,"href":"https:\/\/sahani.es\/index.php?rest_route=\/wp\/v2\/users\/1"}],"replies":[{"embeddable":true,"href":"https:\/\/sahani.es\/index.php?rest_route=%2Fwp%2Fv2%2Fcomments&post=39"}],"version-history":[{"count":5,"href":"https:\/\/sahani.es\/index.php?rest_route=\/wp\/v2\/pages\/39\/revisions"}],"predecessor-version":[{"id":88,"href":"https:\/\/sahani.es\/index.php?rest_route=\/wp\/v2\/pages\/39\/revisions\/88"}],"up":[{"embeddable":true,"href":"https:\/\/sahani.es\/index.php?rest_route=\/wp\/v2\/pages\/71"}],"wp:attachment":[{"href":"https:\/\/sahani.es\/index.php?rest_route=%2Fwp%2Fv2%2Fmedia&parent=39"}],"curies":[{"name":"wp","href":"https:\/\/api.w.org\/{rel}","templated":true}]}}