{"id":45,"date":"2014-02-24T11:49:54","date_gmt":"2014-02-24T10:49:54","guid":{"rendered":"http:\/\/sahani.es\/?page_id=45"},"modified":"2014-02-24T13:07:53","modified_gmt":"2014-02-24T12:07:53","slug":"digitopuntura","status":"publish","type":"page","link":"https:\/\/sahani.es\/?page_id=45","title":{"rendered":"Digitopuntura"},"content":{"rendered":"<p>La Digitopuntura es una t\u00e9cnica milenaria china que consiste en ejercer presi\u00f3n en determinados puntos del cuerpo localizados a lo largo de los meridianos. A estos puntos se les denomina puntos de Digitopuntura, y los meridianos son como canales que recorren el cuerpo f\u00edsico y por los cuales fluye la energ\u00eda nutriendo todos los \u00f3rganos internos y sistemas del cuerpo.<\/p>\n<p>El masaje continuo sobre estos puntos alivia el dolor y aporta un estado de equilibrio. Es muy importante mantener un fluir natural de esa energ\u00eda a trav\u00e9s del cuerpo, pues de no ser as\u00ed se producen bloqueos energ\u00e9ticos que impiden el recorrido de la misma. Su libre circulaci\u00f3n es la llave de la salud y el bienestar ya que regula y equilibra tanto en el plano emocional nuestras emociones como en el f\u00edsico todos los sistemas del cuerpo (respiratorio, digestivo, endocrino, vascular, linf\u00e1tico, urogenital y nervioso) proporcion\u00e1ndonos un sentimiento de paz, equilibrio, plenitud y en definitiva de bienestar.<\/p>\n<p>El desequilibrio energ\u00e9tico afecta al individuo en su totalidad y, por ende, se ver\u00e1n afectados tanto su forma de vida como sus costumbres y comportamientos. Por ello con la Digitopuntura se restablece de nuevo el flujo energ\u00e9tico tratando los puntos donde se dan esas obstrucciones de energ\u00eda, ayudando en el proceso de depuraci\u00f3n y desintoxicaci\u00f3n y recuperando as\u00ed un estado de armon\u00eda.<\/p>\n","protected":false},"excerpt":{"rendered":"<p>La Digitopuntura es una t\u00e9cnica milenaria china que consiste en ejercer presi\u00f3n en determinados puntos del cuerpo localizados a lo largo de los meridianos. A estos puntos se les denomina puntos de Digitopuntura, y los meridianos son como canales que recorren el cuerpo f\u00edsico y por los cuales fluye la energ\u00eda nutriendo todos los \u00f3rganos [&hellip;]<\/p>\n","protected":false},"author":1,"featured_media":0,"parent":71,"menu_order":4,"comment_status":"open","ping_status":"open","template":"","meta":{"footnotes":""},"class_list":["post-45","page","type-page","status-publish","hentry"],"_links":{"self":[{"href":"https:\/\/sahani.es\/index.php?rest_route=\/wp\/v2\/pages\/45","targetHints":{"allow":["GET"]}}],"collection":[{"href":"https:\/\/sahani.es\/index.php?rest_route=\/wp\/v2\/pages"}],"about":[{"href":"https:\/\/sahani.es\/index.php?rest_route=\/wp\/v2\/types\/page"}],"author":[{"embeddable":true,"href":"https:\/\/sahani.es\/index.php?rest_route=\/wp\/v2\/users\/1"}],"replies":[{"embeddable":true,"href":"https:\/\/sahani.es\/index.php?rest_route=%2Fwp%2Fv2%2Fcomments&post=45"}],"version-history":[{"count":2,"href":"https:\/\/sahani.es\/index.php?rest_route=\/wp\/v2\/pages\/45\/revisions"}],"predecessor-version":[{"id":87,"href":"https:\/\/sahani.es\/index.php?rest_route=\/wp\/v2\/pages\/45\/revisions\/87"}],"up":[{"embeddable":true,"href":"https:\/\/sahani.es\/index.php?rest_route=\/wp\/v2\/pages\/71"}],"wp:attachment":[{"href":"https:\/\/sahani.es\/index.php?rest_route=%2Fwp%2Fv2%2Fmedia&parent=45"}],"curies":[{"name":"wp","href":"https:\/\/api.w.org\/{rel}","templated":true}]}}